{"id":666,"date":"2014-05-16T13:35:13","date_gmt":"2014-05-16T11:35:13","guid":{"rendered":"http:\/\/www.mod-personal.de\/wp\/?page_id=666"},"modified":"2014-05-16T13:35:13","modified_gmt":"2014-05-16T11:35:13","slug":"sie-suchen-arbeit","status":"publish","type":"page","link":"https:\/\/www.mod-personal.de\/?page_id=666","title":{"rendered":"Sie suchen Arbeit"},"content":{"rendered":"<p>Dann sind Sie hier bei mod in guten H\u00e4nden\u2026<\/p>\n<p>Unsere Mitarbeiter haben durch wechselnde Eins\u00e4tze, Gelegenheit zur beruflichen Orientierung und Qualifizierung. Die Unternehmen haben die M\u00f6glichkeit, die externen Mitarbeiter kennen zu lernen und bei Eignung fest in ihren Personalbestand zu \u00fcbernehmen. Ein Gro\u00dfteil aller Mitarbeiter findet auf diesem Weg einen dauerhaften Arbeitsplatz. F\u00fcr Arbeitslose, berufliche Neu- und Wiedereinsteiger er\u00f6ffnet Zeitarbeit somit einen chancenreichen und sozial abgesicherten Weg in den Arbeitsmarkt.<\/p>\n","protected":false},"excerpt":{"rendered":"<p>Dann sind Sie hier bei mod in guten H\u00e4nden\u2026 Unsere Mitarbeiter haben durch wechselnde Eins\u00e4tze, Gelegenheit zur beruflichen Orientierung und Qualifizierung. Die Unternehmen haben die M\u00f6glichkeit, die externen Mitarbeiter kennen zu lernen und bei Eignung fest in ihren Personalbestand zu \u00fcbernehmen. Ein Gro\u00dfteil aller Mitarbeiter findet auf diesem Weg einen dauerhaften Arbeitsplatz. F\u00fcr Arbeitslose, berufliche&hellip;<\/p>\n","protected":false},"author":1,"featured_media":0,"parent":0,"menu_order":0,"comment_status":"open","ping_status":"open","template":"","meta":[],"_links":{"self":[{"href":"https:\/\/www.mod-personal.de\/index.php?rest_route=\/wp\/v2\/pages\/666"}],"collection":[{"href":"https:\/\/www.mod-personal.de\/index.php?rest_route=\/wp\/v2\/pages"}],"about":[{"href":"https:\/\/www.mod-personal.de\/index.php?rest_route=\/wp\/v2\/types\/page"}],"author":[{"embeddable":true,"href":"https:\/\/www.mod-personal.de\/index.php?rest_route=\/wp\/v2\/users\/1"}],"replies":[{"embeddable":true,"href":"https:\/\/www.mod-personal.de\/index.php?rest_route=%2Fwp%2Fv2%2Fcomments&post=666"}],"version-history":[{"count":1,"href":"https:\/\/www.mod-personal.de\/index.php?rest_route=\/wp\/v2\/pages\/666\/revisions"}],"predecessor-version":[{"id":667,"href":"https:\/\/www.mod-personal.de\/index.php?rest_route=\/wp\/v2\/pages\/666\/revisions\/667"}],"wp:attachment":[{"href":"https:\/\/www.mod-personal.de\/index.php?rest_route=%2Fwp%2Fv2%2Fmedia&parent=666"}],"curies":[{"name":"wp","href":"https:\/\/api.w.org\/{rel}","templated":true}]}}